-11)/(-2))/(j/(16/4)). What is the greatest common divisor of p and 77?
11
Suppose 0 = 4*f + 40, 448*f = 2*c + 464*f - 44. Let b = 16 - 10. What is the highest common factor of c and b?
6
Let d(u) = u**3 - 7*u**2 - 2*u - 29. Let y be d(10). Let f = y + -243. Calculate the greatest common divisor of 8 and f.
8
Let v(m) be the third derivative of 11*m**6/120 - m**5/20 - m**4/24 + m**3/2 - m**2. Let u be v(1). What is the greatest common factor of 20 and u?
10
Let m be 4 - (23/(-4) - -5 - (-3757)/(-68)). What is the greatest common factor of m and 6780?
60
Suppose 5*n - 6 = 3*n. Suppose 88 = -r + n*r. Let a(m) = -m**3 - 15*m**2 + 5*m - 66. Let i be a(-16). Calculate the greatest common factor of i and r.
22
Suppose 6*j - 957 = 5*c + 4*j, 2*j = -8. Let w be c/(-7) - 39/(-91). Suppose -4*k = -0*k - 16. What is the greatest common divisor of w and k?
4
Let x(f) = -3*f**3 + 4*f**2 - 5*f + 16. Let d be x(4). Let w = d + 393. Calculate the highest common factor of 9 and w.
9
Let q(x) = -x**2 + 8*x + 48. Let w be q(-4). Suppose 4*b - 650 = -2*r, -r + 165 = b - w*r. Calculate the greatest common divisor of 128 and b.
32
Let r(z) = 3*z**3 - 11*z**2 + 50*z - 131. Let l be r(5). What is the highest common factor of l and 8030?
73
Suppose 3*w + w - 12 = 0. Suppose -4*a + 4*b = -212, -a - w*a - 2*b + 182 = 0. What is the highest common factor of a and 36?
12
Let a = 1620 + -1586. Calculate the highest common divisor of a and 3502.
34
Suppose 10 = -2*i - 18. Let z = 70 - i. Calculate the greatest common factor of z and 21.
21
Suppose 5*a + 95 = -8*z + 12*z, -z + 8 = 4*a. Let l = z + -15. What is the greatest common divisor of l and 3?
1
Suppose 5*v + 3625 = 5*z, 13*v = -z + 11*v + 710. What is the highest common divisor of z and 7416?
72
Suppose -173*c + 177*c = 1032. Let m = c + -73. What is the greatest common factor of 74 and m?
37
Let g(r) = r**3 - 2*r - 1. Let l be g(3). Let i = -66164 + 66179. What is the greatest common factor of i and l?
5
Let y(f) = f**3 + 29*f**2 + 23*f - 36. Let z be -34 + -15*(-16)/40. Let v be y(z). Let s = 9 + 4. What is the highest common divisor of s and v?
13
Let z = 34 + -31. Suppose -5*k - z*s - 12 = 321, -3*k = -s + 197. Let u = k - -102. What is the greatest common divisor of u and 54?
18
Suppose 0 = -51*k + 709 + 2234 - 597. What is the highest common factor of k and 40526?
46
Suppose -23*k = -3*l - 22*k + 91, -3*k + 15 = 0. Suppose s - 347 = -5*a, 4*s - 278 = a + 1131. What is the highest common divisor of l and s?
32
Let p be -1 + 197 + (1 - 0). Suppose -4*i + 3*z = -743, -i = -2*z - z - p. Calculate the highest common divisor of 14 and i.
14
Let d(w) = w**3 + 44*w**2 - 105*w - 577. Let g be d(-46). What is the highest common divisor of g and 14133?
21
Suppose 5*m - 35 = 25*o - 21*o, -m + 3*o + 7 = 0. Suppose m*x + 6*x = 6461. What is the greatest common divisor of 71 and x?
71
Let f = 3075 + -2970. Calculate the greatest common factor of f and 357.
21
Suppose -19 = -n + m, 2286*m - 2284*m + 78 = 4*n. What is the highest common factor of 6 and n?
2
Let z(a) = -11*a**2 + a. Let r be z(-1). Let j = r - -16. Suppose -3*g + 6 = 2*f - 8, 4*f - 12 = 2*g. What is the greatest common factor of f and j?
4
Let o(v) = v**2 + 57*v + 707. Let u be o(-73). Calculate the highest common divisor of u and 25.
25
Let q = -5760 + 5765. Calculate the greatest common divisor of 995 and q.
5
Suppose 0 = 5*w + 5 - 25. Let a(s) = s**2 + 13*s + 30. Let g be a(-11). Suppose 0 = w*p + 4 - g. What is the highest common divisor of p and 5?
1
Suppose -13*h = -12*h + 5*g - 64, 4*h + 3*g - 188 = 0. Suppose 0 = -66*d + 59*d + 154. Calculate the highest common divisor of d and h.
22
Let u(s) = -s**3 - 3*s**2 - 4*s - 48. Let j be u(-9). Calculate the highest common divisor of j and 48.
6
Let p(s) = -s**3 - 61*s**2 + 17*s + 4728. Let n be p(-60). Suppose q + 0*q - 182 = -5*u, -5*u = -3*q - 174. What is the highest common factor of u and n?
36
Let n = -748 - -3349. What is the greatest common factor of n and 289?
289
Suppose 10*h + 8359 = -9*h + 99673. What is the greatest common factor of 1335 and h?
267
Suppose 4*t + 72 - 716 = 0. Let a = t + -76. Suppose -3*n = 4*j - 98, -n + 38 = 139*j - 143*j. What is the greatest common factor of n and a?
17
Suppose 0*y - 2304 = -18*y. Suppose -3*v = 3*b - 24, 16 = 2*b - 2*v - 3*v. Calculate the greatest common divisor of y and b.
8
Suppose 82*f + 246*f = 43296. Let p = 82 - -226. Calculate the greatest common divisor of p and f.
44
Suppose 13*g = 838 + 98. Suppose 2016 = -72*f + 76*f. Calculate the highest common factor of f and g.
72
Let r = 164 - 163. Suppose 5*f - 48 = -2*p, -8*p = -9*p - r. Calculate the greatest common factor of f and 160.
10
Let n be 13*26/(-16) - 6/(-48). Let f(q) = 2*q**2 + 35*q - 43. Let t be f(n). What is the greatest common divisor of t and 13?
13
Let t(o) = 2*o**2 - 8*o + 8. Let c be t(4). Suppose -10*d = -c*d - 3*n - 49, d - 37 = -n. Calculate the greatest common factor of 1 and d.
1
Let g be 36*(102/8 + (-130 - -134)). What is the highest common divisor of g and 8643?
201
Let a be ((68/(-12))/17)/((-2)/30). Let t be 1/3*(24 - (a + -2)). Let m(y) = y**2 + 7*y - 7. Let f be m(-8). What is the greatest common divisor of f and t?
1
Let k = -31 - 11. Let m = k + 48. Suppose m + 6 = y + 4*s, s = -y + 18. What is the greatest common divisor of 60 and y?
20
Let f(y) = -y**3 + 46*y**2 - 42*y - 39. Let p be f(45). Calculate the greatest common divisor of 264 and p.
24
Suppose 3*h + 1 = -15 + 28. Calculate the greatest common factor of 38 and h.
2
Suppose 3*b = 19 + 419. Let g be 1530/7 + 228/532. Calculate the greatest common divisor of g and b.
73
Let g = 8670 + -8630. What is the greatest common divisor of g and 2104?
8
Let x(i) = -289*i - 1999. Let d be x(-10). Calculate the greatest common divisor of d and 198.
99
Let r be (-169 + (-1 - -2))/((-4)/(-8)*-2). Calculate the highest common divisor of r and 4578.
42
Let d = -51 + 631. Calculate the greatest common factor of 20 and d.
20
Suppose 107*j - 185400 = -93*j. What is the highest common divisor of 27 and j?
9
Let x = -53 - -233. Suppose 0 = 10*n - 240 - x. What is the highest common factor of n and 21?
21
Let d = -2932 + 3094. What is the greatest common factor of d and 576?
18
Suppose 4*v = 4*n - 308, -4*v - 92 = -9*n + 8*n. Calculate the greatest common factor of 312 and n.
24
Let d(x) = 27*x - 2. Let j(q) = q**2 + 136*q - 11. Let c(u) = 11*d(u) - 2*j(u). Let o be c(12). Calculate the highest common divisor of 24 and o.
12
Let r = -175 - -327. Let x be (-2 + -2)/(32/(-6) - -5). Calculate the greatest common factor of x and r.
4
Let u(x) = x**2 - 74*x - 1579. Let i be u(92). Calculate the greatest common divisor of i and 99.
11
Suppose -2*a + 3*y + 89 = 0, -24*a + 10*a + 5*y + 543 = 0. Calculate the greatest common factor of a and 3959.
37
Suppose 0 = -53*h - 250*h + 41208. Calculate the highest common factor of 448 and h.
8
Suppose 0 = -f - v + 320, 5*f - 3*v = 1250 + 310. Let s be ((-124)/651*7)/(4/(-135)). Calculate the greatest common divisor of f and s.
45
Suppose 14*k - 4*k - 384 = -6*k. What is the greatest common factor of k and 1024?
8
Let a be -27*10/15*(-786)/12. What is the highest common factor of a and 99?
9
Let x(p) = 54*p - 35. Let r be x(9). Let b = 929 - 918. What is the greatest common factor of r and b?
11
Let j be -34 + (-1410)/(-42) - (-4)/(28/143). Let q = 237 + -112. Calculate the highest common factor of q and j.
5
Let h = 2789 - 2261. Calculate the highest common divisor of 165 and h.
33
Suppose 128 = 3*n - 2*n. Suppose 8*y + 323 - 348 = 231. What is the highest common factor of n and y?
32
Let q = 2522 + -2418. Calculate the greatest common divisor of 2548 and q.
52
Let r = 6810 + -6628. Calculate the highest common factor of r and 1001.
91
Suppose 8098*h = 8093*h + 25. Calculate the greatest common divisor of 97 and h.
1
Suppose -2*u - 3*r = 26 + 6, -3*u + 5*r = 67. Let m = -10 - u. What is the greatest common factor of m and 18?
9
Let g = -27 - -32. Suppose -119 - 331 = g*n. Let a = n - -109. Calculate the highest common factor of a and 114.
19
Let z = 5335 + -3858. What is the highest common divisor of 7 and z?
7
Suppose 5*x = 2*g + 108, 0 = -5*x + 39*g - 35*g + 96. Calculate the highest common factor of